{"id":6883,"date":"2026-03-24T11:48:11","date_gmt":"2026-03-24T14:48:11","guid":{"rendered":"https:\/\/marciaedington.com.br\/?post_type=property&#038;p=6883"},"modified":"2026-04-27T16:47:45","modified_gmt":"2026-04-27T19:47:45","slug":"excelente-imovel-a-venda-no-centro-de-valenca-ba-conforto-e-localizacao-privilegiada","status":"publish","type":"property","link":"https:\/\/marciaedington.com.br\/index.php\/property\/excelente-imovel-a-venda-no-centro-de-valenca-ba-conforto-e-localizacao-privilegiada\/","title":{"rendered":"Excelente Im\u00f3vel \u00e0 Venda no Centro de Valen\u00e7a-BA \u2013 Conforto e Localiza\u00e7\u00e3o Privilegiada!"},"content":{"rendered":"<p>Apresentamos este \u00f3timo im\u00f3vel localizado na Rua do Col\u00e9gio Social, em Valen\u00e7a-BA \u2013 ideal para quem busca praticidade, conforto e f\u00e1cil acesso a tudo!<\/p>\n<p>Caracter\u00edsticas do im\u00f3vel:<\/p>\n<p>3 su\u00edtes com ar-condicionado<br \/>\nSala ampla com TVs, rack e sof\u00e1<br \/>\nCozinha completa, pronta para uso<br \/>\n2 varandas arejadas<br \/>\n1 banheiro social<br \/>\nGaragem<br \/>\n\u00c1rea total de 135 m\u00b2<\/p>\n<p>Localiza\u00e7\u00e3o estrat\u00e9gica no Centro de Valen\u00e7a, pr\u00f3xima a com\u00e9rcios, escolas e servi\u00e7os essenciais.<\/p>\n<p>\u00d3tima oportunidade para morar ou investir!<\/p>\n<p>Entre em contato para mais informa\u00e7\u00f5es ou agendar uma visita.<\/p>\n","protected":false},"featured_media":6896,"comment_status":"open","ping_status":"closed","template":"","property_type":[],"property_location":[136,114],"property_status":[124],"property_label":[130],"property_amenity":[],"property_material":[],"class_list":["post-6883","property","type-property","status-publish","has-post-thumbnail","hentry","property_location-centro","property_location-valenca","property_status-casas","property_label-comprar"],"_links":{"self":[{"href":"https:\/\/marciaedington.com.br\/index.php\/wp-json\/wp\/v2\/property\/6883","targetHints":{"allow":["GET"]}}],"collection":[{"href":"https:\/\/marciaedington.com.br\/index.php\/wp-json\/wp\/v2\/property"}],"about":[{"href":"https:\/\/marciaedington.com.br\/index.php\/wp-json\/wp\/v2\/types\/property"}],"replies":[{"embeddable":true,"href":"https:\/\/marciaedington.com.br\/index.php\/wp-json\/wp\/v2\/comments?post=6883"}],"wp:featuredmedia":[{"embeddable":true,"href":"https:\/\/marciaedington.com.br\/index.php\/wp-json\/wp\/v2\/media\/6896"}],"wp:attachment":[{"href":"https:\/\/marciaedington.com.br\/index.php\/wp-json\/wp\/v2\/media?parent=6883"}],"wp:term":[{"taxonomy":"property_type","embeddable":true,"href":"https:\/\/marciaedington.com.br\/index.php\/wp-json\/wp\/v2\/property_type?post=6883"},{"taxonomy":"property_location","embeddable":true,"href":"https:\/\/marciaedington.com.br\/index.php\/wp-json\/wp\/v2\/property_location?post=6883"},{"taxonomy":"property_status","embeddable":true,"href":"https:\/\/marciaedington.com.br\/index.php\/wp-json\/wp\/v2\/property_status?post=6883"},{"taxonomy":"property_label","embeddable":true,"href":"https:\/\/marciaedington.com.br\/index.php\/wp-json\/wp\/v2\/property_label?post=6883"},{"taxonomy":"property_amenity","embeddable":true,"href":"https:\/\/marciaedington.com.br\/index.php\/wp-json\/wp\/v2\/property_amenity?post=6883"},{"taxonomy":"property_material","embeddable":true,"href":"https:\/\/marciaedington.com.br\/index.php\/wp-json\/wp\/v2\/property_material?post=6883"}],"curies":[{"name":"wp","href":"https:\/\/api.w.org\/{rel}","templated":true}]}}

Excelente Imóvel à Venda no Centro de Valença-BA – Conforto e Localização Privilegiada!

<p>Apresentamos este ótimo imóvel localizado na Rua do Colégio Social, em Valença-BA – ideal para quem busca praticidade, conforto e fácil acesso a tudo!</p>
<p>Características do imóvel:</p>
<p>3 suítes com ar-condicionado<br />
Sala ampla com TVs, rack e sofá<br />
Cozinha completa, pronta para uso<br />
2 varandas arejadas<br />
1 banheiro social<br />
Garagem<br />
Área total de 135 m²</p>
<p>Localização estratégica no Centro de Valença, próxima a comércios, escolas e serviços essenciais.</p>
<p>Ótima oportunidade para morar ou investir!</p>
<p>Entre em contato para mais informações ou agendar uma visita.</p>
