{"id":5938,"date":"2024-07-09T15:42:56","date_gmt":"2024-07-09T18:42:56","guid":{"rendered":"https:\/\/marciaedington.com.br\/?post_type=property&#038;p=5938"},"modified":"2024-07-09T15:44:10","modified_gmt":"2024-07-09T18:44:10","slug":"salas-comerciais-para-aluguel-na-avenida-acm-60m","status":"publish","type":"property","link":"https:\/\/marciaedington.com.br\/index.php\/property\/salas-comerciais-para-aluguel-na-avenida-acm-60m\/","title":{"rendered":"Salas Comerciais para Aluguel na Avenida ACM: 60 m\u00b2"},"content":{"rendered":"<p>Salas comerciais para aluguel na Avenida ACM. O im\u00f3vel conta com uma sala de recep\u00e7\u00e3o, tr\u00eas salas adicionais, e um banheiro, tudo distribu\u00eddo em 60 metros quadrados. As salas foram rec\u00e9m-reformadas com materiais de \u00f3tima qualidade, prontas para uso imediato. Podem ser utilizadas como escrit\u00f3rio ou consult\u00f3rio.<\/p>\n<p>A excelente localiza\u00e7\u00e3o na Avenida ACM torna esta uma oportunidade promissora para quem busca um espa\u00e7o bem situado e de f\u00e1cil acesso. Agende uma visita e venha conhecer!<\/p>\n","protected":false},"featured_media":5939,"comment_status":"open","ping_status":"closed","template":"","property_type":[],"property_location":[113,132,114],"property_status":[126],"property_label":[129],"property_amenity":[],"property_material":[],"class_list":["post-5938","property","type-property","status-publish","has-post-thumbnail","hentry","property_location-graca","property_location-sao-felix","property_location-valenca","property_status-pontos-comerciais","property_label-alugar"],"_links":{"self":[{"href":"https:\/\/marciaedington.com.br\/index.php\/wp-json\/wp\/v2\/property\/5938","targetHints":{"allow":["GET"]}}],"collection":[{"href":"https:\/\/marciaedington.com.br\/index.php\/wp-json\/wp\/v2\/property"}],"about":[{"href":"https:\/\/marciaedington.com.br\/index.php\/wp-json\/wp\/v2\/types\/property"}],"replies":[{"embeddable":true,"href":"https:\/\/marciaedington.com.br\/index.php\/wp-json\/wp\/v2\/comments?post=5938"}],"wp:featuredmedia":[{"embeddable":true,"href":"https:\/\/marciaedington.com.br\/index.php\/wp-json\/wp\/v2\/media\/5939"}],"wp:attachment":[{"href":"https:\/\/marciaedington.com.br\/index.php\/wp-json\/wp\/v2\/media?parent=5938"}],"wp:term":[{"taxonomy":"property_type","embeddable":true,"href":"https:\/\/marciaedington.com.br\/index.php\/wp-json\/wp\/v2\/property_type?post=5938"},{"taxonomy":"property_location","embeddable":true,"href":"https:\/\/marciaedington.com.br\/index.php\/wp-json\/wp\/v2\/property_location?post=5938"},{"taxonomy":"property_status","embeddable":true,"href":"https:\/\/marciaedington.com.br\/index.php\/wp-json\/wp\/v2\/property_status?post=5938"},{"taxonomy":"property_label","embeddable":true,"href":"https:\/\/marciaedington.com.br\/index.php\/wp-json\/wp\/v2\/property_label?post=5938"},{"taxonomy":"property_amenity","embeddable":true,"href":"https:\/\/marciaedington.com.br\/index.php\/wp-json\/wp\/v2\/property_amenity?post=5938"},{"taxonomy":"property_material","embeddable":true,"href":"https:\/\/marciaedington.com.br\/index.php\/wp-json\/wp\/v2\/property_material?post=5938"}],"curies":[{"name":"wp","href":"https:\/\/api.w.org\/{rel}","templated":true}]}}

<p>Salas comerciais para aluguel na Avenida ACM. O imóvel conta com uma sala de recepção, três salas adicionais, e um banheiro, tudo distribuído em 60 metros quadrados. As salas foram recém-reformadas com materiais de ótima qualidade, prontas para uso imediato. Podem ser utilizadas como escritório ou consultório.</p>
<p>A excelente localização na Avenida ACM torna esta uma oportunidade promissora para quem busca um espaço bem situado e de fácil acesso. Agende uma visita e venha conhecer!</p>
